
List the prime factors of 66498.
2, 3, 11083
What are the prime factors of 739341?
3, 139, 197
What are the prime factors of 34492?
2, 8623
What are the prime factors of 10783116?
2, 3, 47, 6373
List the prime factors of 225060.
2, 3, 5, 11, 31
List the prime factors of 355520.
2, 5, 11, 101
What are the prime factors of 5963118?
2, 3, 7, 23, 6173
What are the prime factors of 43089?
3, 53, 271
What are the prime factors of 45123?
3, 13, 89
What are the prime factors of 19553078?
2, 53, 184463
List the prime factors of 448538.
2, 137, 1637
What are the prime factors of 2598308?
2, 649577
What are the prime factors of 13741825?
5, 523, 1051
List the prime factors of 7600505.
5, 11, 138191
What are the prime factors of 360791?
17, 19, 1117
What are the prime factors of 1251243?
3, 7, 19861
What are the prime factors of 282910?
2, 5, 19, 1489
List the prime factors of 1064013.
3, 17, 31, 673
What are the prime factors of 4775794?
2, 2387897
List the prime factors of 8563801.
17, 503753
What are the prime factors of 1201223?
211, 5693
List the prime factors of 585003.
3, 109, 1789
What are the prime factors of 168682?
2, 19, 23, 193
List the prime factors of 756419.
756419
List the prime factors of 7496272.
2, 7, 66931
List the prime factors of 3013204.
2, 463, 1627
What are the prime factors of 898909?
11, 17, 19, 23
List the prime factors of 21227732.
2, 149, 35617
List the prime factors of 213932.
2, 79, 677
What are the prime factors of 710389?
710389
What are the prime factors of 276795?
3, 5, 6151
List the prime factors of 2159333.
11, 196303
List the prime factors of 552234.
2, 3, 31, 2969
What are the prime factors of 79597?
7, 83, 137
List the prime factors of 5926480.
2, 5, 7, 19, 557
What are the prime factors of 67679?
67679
What are the prime factors of 1048516?
2, 7, 37447
What are the prime factors of 24723871?
67, 369013
What are the prime factors of 753524?
2, 257, 733
What are the prime factors of 6257576?
2, 13, 60169
List the prime factors of 36533.
7, 17, 307
List the prime factors of 18399.
3, 6133
List the prime factors of 48268.
2, 11, 1097
List the prime factors of 257683.
127, 2029
What are the prime factors of 4934091?
3, 19, 107, 809
List the prime factors of 495714.
2, 3, 82619
List the prime factors of 990270.
2, 3, 5, 11003
What are the prime factors of 508233?
3, 11, 15401
What are the prime factors of 127680?
2, 3, 5, 7, 19
What are the prime factors of 2369?
23, 103
What are the prime factors of 155109?
3, 149, 347
What are the prime factors of 418622?
2, 209311
What are the prime factors of 226251?
3, 23, 1093
What are the prime factors of 73666?
2, 36833
List the prime factors of 8851862.
2, 4425931
What are the prime factors of 3535966?
2, 7, 17, 83, 179
List the prime factors of 470565.
3, 5, 10457
What are the prime factors of 5841991?
5841991
What are the prime factors of 2941878?
2, 3, 490313
What are the prime factors of 2113900?
2, 5, 21139
List the prime factors of 248063.
248063
What are the prime factors of 1082564?
2, 7, 23, 41
List the prime factors of 990507.
3, 7, 101, 467
What are the prime factors of 1673280?
2, 3, 5, 7, 83
List the prime factors of 544713.
3, 13, 13967
List the prime factors of 402787.
7, 11, 5231
What are the prime factors of 313039?
71, 4409
List the prime factors of 7511783.
19, 29, 13633
List the prime factors of 1303387.
23, 61, 929
List the prime factors of 6489627.
3, 73, 29633
List the prime factors of 2160733.
2160733
List the prime factors of 2718928.
2, 169933
What are the prime factors of 1049746?
2, 524873
List the prime factors of 1217043.
3, 29, 4663
What are the prime factors of 3623735?
5, 724747
What are the prime factors of 11452317?
3, 107, 35677
What are the prime factors of 588075?
3, 5, 7841
What are the prime factors of 193122?
2, 3, 10729
What are the prime factors of 193641?
3, 7, 9221
List the prime factors of 10146389.
11, 641, 1439
List the prime factors of 2105101.
73, 28837
What are the prime factors of 1129357?
883, 1279
What are the prime factors of 2991985?
5, 179, 3343
List the prime factors of 595775.
5, 23831
List the prime factors of 3509930.
2, 5, 373, 941
List the prime factors of 610222.
2, 305111
What are the prime factors of 8624776?
2, 67, 16091
List the prime factors of 196598.
2, 98299
List the prime factors of 161312.
2, 71
List the prime factors of 452488.
2, 163, 347
List the prime factors of 2185919.
2185919
What are the prime factors of 60349?
29, 2081
List the prime factors of 16928894.
2, 8464447
List the prime factors of 4644545.
5, 193, 4813
List the prime factors of 120226.
2, 47, 1279
List the prime factors of 12221978.
2, 19, 321631
What are the prime factors of 881427?
3, 101, 2909
List the prime factors of 831145.
5, 7, 23747
What are the prime factors of 176210?
2, 5, 67, 263
List the prime factors of 4302148.
2, 1075537
List the prime factors of 23358.
2, 3, 17, 229
List the prime factors of 164888.
2, 20611
List the prime factors of 11582565.
3, 5, 313, 2467
List the prime factors of 3663811.
3663811
List the prime factors of 741420.
2, 3, 5, 1373
What are the prime factors of 23475084?
2, 3, 1956257
List the prime factors of 254925.
3, 5, 11, 103
What are the prime factors of 624399?
3, 29, 7177
What are the prime factors of 536297?
29, 18493
What are the prime factors of 237723?
3, 79241
What are the prime factors of 81590?
2, 5, 41, 199
What are the prime factors of 10720196?
2, 73, 36713
What are the prime factors of 405543?
3, 135181
List the prime factors of 94478.
2, 97, 487
List the prime factors of 257008.
2, 16063
What are the prime factors of 362778?
2, 3, 13, 4651
What are the prime factors of 121119?
3, 47, 859
What are the prime factors of 245764?
2, 61441
What are the prime factors of 456525?
3, 5, 2029
List the prime factors of 314083.
7, 11, 4079
What are the prime factors of 16256603?
11, 347, 4259
List the prime factors of 62258.
2, 7, 4447
List the prime factors of 118602.
2, 3, 11, 599
List the prime factors of 258078.
2, 3, 43013
What are the prime factors of 4236812?
2, 67, 15809
What are the prime factors of 1682857?
11, 59, 2593
List the prime factors of 17625.
3, 5, 47
What are the prime factors of 220280?
2, 5, 5507
List the prime factors of 35794.
2, 11, 1627
List the prime factors of 35953.
157, 229
List the prime factors of 810733.
7, 11, 10529
What are the prime factors of 1127659?
13, 86743
List the prime factors of 113267.
7, 11, 1471
What are the prime factors of 928838?
2, 464419
What are the prime factors of 11484481?
3271, 3511
List the prime factors of 837647.
797, 1051
What are the prime factors of 33204312?
2, 3, 461171
What are the prime factors of 751644?
2, 3, 20879
What are the prime factors of 1736?
2, 7, 31
What are the prime factors of 7367795?
5, 53, 27803
What are the prime factors of 287702?
2, 97, 1483
What are the prime factors of 321706?
2, 7, 11, 2089
List the prime factors of 615640.
2, 5, 15391
What are the prime factors of 69218?
2, 53, 653
List the prime factors of 1109974.
2, 137, 4051
List the prime factors of 3636678.
2, 3, 606113
List the prime factors of 11134681.
113, 211, 467
List the prime factors of 68968.
2, 37, 233
List the prime factors of 6178129.
6178129
What are the prime factors of 7081803?
3, 73, 3593
List the prime factors of 6013570.
2, 5, 601357
List the prime factors of 12596734.
2, 19, 73, 239
List the prime factors of 224804.
2, 43, 1307
List the prime factors of 3038509.
43, 70663
What are the prime factors of 423299?
423299
What are the prime factors of 357317?
79, 4523
List the prime factors of 24495020.
2, 5, 11, 111341
What are the prime factors of 12064?
2, 13, 29
List the prime factors of 207845.
5, 11, 3779
What are the prime factors of 1297528?
2, 59, 2749
List the prime factors of 1675251.
3, 23, 8093
List the prime factors of 245856.
2, 3, 13, 197
List the prime factors of 452474.
2, 11, 131, 157
List the prime factors of 2607936.
2, 3, 17, 47
What are the prime factors of 24712261?
7, 3530323
What are the prime factors of 3214206?
2, 3, 178567
What are the prime factors of 1369345?
5, 47, 5827
What are the prime factors of 374717?
7, 199, 269
List the prime factors of 16668047.
11, 43, 131, 269
List the prime factors of